{"id":2539,"date":"2022-02-24T12:19:34","date_gmt":"2022-02-24T11:19:34","guid":{"rendered":"https:\/\/pzk.ovh\/?page_id=2539"},"modified":"2022-02-24T12:43:33","modified_gmt":"2022-02-24T11:43:33","slug":"pzk","status":"publish","type":"page","link":"https:\/\/pzk.ovh\/?page_id=2539","title":{"rendered":"PZK"},"content":{"rendered":"\n<div class=\"wp-block-themeisle-blocks-advanced-columns alignwide has-1-columns has-desktop-equal-layout has-tablet-equal-layout has-mobile-equal-layout has-default-gap has-vertical-top\" id=\"wp-block-themeisle-blocks-advanced-columns-6119bd88\"><div class=\"wp-block-themeisle-blocks-advanced-columns-overlay\"><\/div><div class=\"innerblocks-wrap\">\n<div class=\"wp-block-themeisle-blocks-advanced-column\" id=\"wp-block-themeisle-blocks-advanced-column-7bebb9cb\">\n<div class=\"wp-block-uagb-advanced-heading uagb-block-665fabc8\"><h2 class=\"uagb-heading-text\">RAZEM RA\u0179NIEJ <\/h2><div class=\"uagb-separator-wrap\"><div class=\"uagb-separator\"><\/div><\/div><p class=\"uagb-desc-text\">czyli jak zosta\u0107 CZ\u0141ONKIEM PZK<\/p><\/div>\n\n\n\n<div class=\"wp-block-group alignwide is-layout-flow wp-block-group-is-layout-flow\">\n<div class=\"wp-block-kadence-spacer aligncenter kt-block-spacer-_25ef46-47\"><div class=\"kt-block-spacer kt-block-spacer-halign-center\" style=\"height:32px\"><hr class=\"kt-divider\" style=\"border-top-color:#eee;border-top-width:2px;width:80%;border-top-style:solid\"\/><\/div><\/div>\n\n\n\n<p><strong>Co daje cz\u0142onkostwo w Polskim Zwi\u0105zku Kr\u00f3tkofalowc\u00f3w?<\/strong><\/p>\n\n\n\n<p>Patrz\u0105c od strony materialnej cz\u0142onek PZK uzyskuje mo\u017cliwo\u015b\u0107 wymiany kart QSL przez Biuro QSL, co jest szczeg\u00f3lnie wa\u017cne dla kr\u00f3tkofalowca rozpoczynaj\u0105cego swoj\u0105 zabaw\u0119 w to hobby. Co prawda ju\u017c od wielu lat sceptycy wieszcz\u0105 rych\u0142y koniec tego typu wymiany kart, ale ten koniec jako\u015b nie nadchodzi. <br>Drug\u0105 niew\u0105tpliw\u0105 korzy\u015bci\u0105 jest mo\u017cliwo\u015b\u0107 wsp\u00f3\u0142pracy w lokalnej grupie cz\u0142onk\u00f3w czyli w klubie i wspierania si\u0119 w r\u00f3\u017cnych sytuacjach i wsp\u00f3lnych przedsi\u0119wzi\u0119ciach. Z\u0142o\u015bliwcy m\u00f3wi\u0105, ze to ma\u0142o \u2026<\/p>\n\n\n\n<p><strong>Po co wi\u0119c kto\u015b wymy\u015bli\u0142 PZK?<\/strong><\/p>\n\n\n\n<ul class=\"wp-block-list\"><li>po pierwsze wi\u0119kszo\u015b\u0107 ludzi ma instynkt stadny i po prostu lubi by\u0107 i funkcjonowa\u0107 razem. Razem pracowa\u0107 w zawodach i razem po zawodach imprezowa\u0107<\/li><li>po drugie w dzisiejszych czasach jakiekolwiek kontakty z administracja pa\u0144stwow\u0105 musz\u0105 odbywa\u0107 si\u0119 poprzez reprezentant\u00f3w bo przyk\u0142adowo UKE nie jest w stanie rozmawia\u0107 z tysi\u0105cem czy dwoma tysi\u0105cami radioamator\u00f3w jednocze\u015bnie.<\/li><li>nasze pasma nie s\u0105 dane nam raz na zawsze i do ko\u0144ca \u015bwiata. Kto\u015b wiec musi dba\u0107 o to by nam ich nie zabrano. Stad mamy IARU w kt\u00f3rym to PZK jest naszym reprezentantem.<\/li><li>to z pieni\u0119dzy cz\u0142onk\u00f3w PZK jest utrzymywana spora cz\u0119\u015b\u0107 infrastruktury przemiennikowej<\/li><\/ul>\n\n\n\n<p><strong>Kto mo\u017ce zosta\u0107 cz\u0142onkiem PZK?<\/strong><\/p>\n\n\n\n<p>Dok\u0142adnie wszyscy, kt\u00f3rzy wyra\u017c\u0105 tak\u0105 ch\u0119\u0107. Tylko osoby kt\u00f3re nie uko\u0144czy\u0142y 16 lat musz\u0105 mie\u0107 dodatkowo pozwolenie rodzic\u00f3w \/opiekuna ustawowego\/<\/p>\n\n\n\n<p><strong>Procedura uzyskania cz\u0142onkostwa w Polskim Zwi\u0105zku Kr\u00f3tkofalowc\u00f3w<\/strong><\/p>\n\n\n\n<p><em>a. nale\u017cy wype\u0142ni\u0107 Deklaracj\u0119 PZK i z\u0142o\u017cy\u0107 j\u0105 w wybranym Oddziale, np.<\/em> <em>Oddziale w Gliwicach<\/em><\/p>\n\n\n\n<p><em>b. jednocze\u015bnie nale\u017cy wp\u0142aci\u0107 na konto bankowe wybranego Oddzia\u0142u sk\u0142adk\u0119 PZK , kt\u00f3ra wynosi:<\/em><\/p>\n\n\n\n<ul class=\"wp-block-list\"><li> dla os\u00f3b do lat 70-ciu 140.00 z\u0142<\/li><li> dla os\u00f3b od 71 lat 110.00 z\u0142<\/li><li> sk\u0142adka nas\u0142uchowca \/SWL\/ wynosi 50.00 z\u0142<\/li><li> sk\u0142adka cz\u0142onka wspomagaj\u0105cego \/bez obs\u0142ugi QSL\/ 40.00 z\u0142<\/li><li> Dla os\u00f3b, kt\u00f3re nie uko\u0144czy\u0142y 20 lat lub ucz\u0105cych si\u0119 do 26 lat w\u0142\u0105cznie sk\u0142adka wynosi w Oddziale Gliwickim 30.00 z\u0142 gdy\u017c s\u0105 one zwolnione ze sk\u0142adki Oddzia\u0142owej.<\/li><\/ul>\n\n\n\n<p><em>c. pieni\u0105dze wp\u0142acamy na konto<\/em><\/p>\n\n\n\n<p>22 1140 1010 0000 3533 4800 1024&nbsp;<br>Odbiorca:<br>PZK Gliwicki Oddzia\u0142 Terenowy OT-50<br>Ul. Kochanowskiego<br>44-100 Gliwice<\/p>\n\n\n\n<p>z dopiskiem \u201esk\u0142adka PZK\u201d.<br>Je\u015bli procedur\u0119 wykonujemy po 1 lipca, to oczywi\u015bcie sk\u0142adka maleje o po\u0142ow\u0119 kwoty.<\/p>\n\n\n\n<p><strong>Uwagi praktyczne<\/strong><\/p>\n\n\n\n<p>Namawiamy do jednoczesnego kontaktu telefonicznie lub mailem z Andrzejem SP9ENO, co pozwoli na skr\u00f3cenie trwania procedury do minimum, a tak\u017ce pozwoli na uzgodnienie sposobu, wzgl\u0119dnie czasu i miejsca odbioru licencji SWL.<br>Procedura wydawania Licencji jest realizowana bez zb\u0119dnej zw\u0142oki i rutynowo nie powinna przekroczy\u0107 7 dni.<\/p>\n\n\n\n<p><\/p>\n<\/div>\n<\/div>\n<\/div><\/div>\n","protected":false},"excerpt":{"rendered":"","protected":false},"author":2,"featured_media":0,"parent":0,"menu_order":0,"comment_status":"closed","ping_status":"closed","template":"","meta":{"_uag_custom_page_level_css":"","_themeisle_gutenberg_block_has_review":false,"footnotes":""},"class_list":["post-2539","page","type-page","status-publish","hentry"],"uagb_featured_image_src":{"full":false,"thumbnail":false,"medium":false,"medium_large":false,"large":false,"1536x1536":false,"2048x2048":false},"uagb_author_info":{"display_name":"MAc B.","author_link":"https:\/\/pzk.ovh\/?author=2"},"uagb_comment_info":0,"uagb_excerpt":null,"jetpack_sharing_enabled":true,"_links":{"self":[{"href":"https:\/\/pzk.ovh\/index.php?rest_route=\/wp\/v2\/pages\/2539","targetHints":{"allow":["GET"]}}],"collection":[{"href":"https:\/\/pzk.ovh\/index.php?rest_route=\/wp\/v2\/pages"}],"about":[{"href":"https:\/\/pzk.ovh\/index.php?rest_route=\/wp\/v2\/types\/page"}],"author":[{"embeddable":true,"href":"https:\/\/pzk.ovh\/index.php?rest_route=\/wp\/v2\/users\/2"}],"replies":[{"embeddable":true,"href":"https:\/\/pzk.ovh\/index.php?rest_route=%2Fwp%2Fv2%2Fcomments&post=2539"}],"version-history":[{"count":6,"href":"https:\/\/pzk.ovh\/index.php?rest_route=\/wp\/v2\/pages\/2539\/revisions"}],"predecessor-version":[{"id":2557,"href":"https:\/\/pzk.ovh\/index.php?rest_route=\/wp\/v2\/pages\/2539\/revisions\/2557"}],"wp:attachment":[{"href":"https:\/\/pzk.ovh\/index.php?rest_route=%2Fwp%2Fv2%2Fmedia&parent=2539"}],"curies":[{"name":"wp","href":"https:\/\/api.w.org\/{rel}","templated":true}]}}