{"id":2376,"date":"2022-02-22T20:50:05","date_gmt":"2022-02-22T19:50:05","guid":{"rendered":"https:\/\/pzk.ovh\/?page_id=2376"},"modified":"2022-02-22T20:50:06","modified_gmt":"2022-02-22T19:50:06","slug":"licencja-nasluchowa","status":"publish","type":"page","link":"https:\/\/pzk.ovh\/?page_id=2376","title":{"rendered":"Licencja Nas\u0142uchowa"},"content":{"rendered":"\n<div class=\"wp-block-themeisle-blocks-advanced-columns alignwide has-1-columns has-desktop-equal-layout has-tablet-equal-layout has-mobile-equal-layout has-default-gap has-vertical-top\" id=\"wp-block-themeisle-blocks-advanced-columns-6119bd88\"><div class=\"wp-block-themeisle-blocks-advanced-columns-overlay\"><\/div><div class=\"innerblocks-wrap\">\n<div class=\"wp-block-themeisle-blocks-advanced-column\" id=\"wp-block-themeisle-blocks-advanced-column-7bebb9cb\">\n<div class=\"wp-block-uagb-advanced-heading uagb-block-89a8cfc1\"><h2 class=\"uagb-heading-text\">LICENCJA SWL <\/h2><div class=\"uagb-separator-wrap\"><div class=\"uagb-separator\"><\/div><\/div><p class=\"uagb-desc-text\">czyli jak zosta\u0107 oficjalnym nas\u0142uchowcem<\/p><\/div>\n\n\n\n<div class=\"wp-block-group alignwide is-layout-flow wp-block-group-is-layout-flow\">\n<div class=\"wp-block-kadence-spacer aligncenter kt-block-spacer-_1a0c4b-e9\"><div class=\"kt-block-spacer kt-block-spacer-halign-center\" style=\"height:32px\"><hr class=\"kt-divider\" style=\"border-top-color:#eee;border-top-width:2px;width:80%;border-top-style:solid\"\/><\/div><\/div>\n\n\n\n<p><strong>Co to jest Licencja SWL \/nas\u0142uchowa\/ i do czego s\u0142u\u017cy<\/strong>?<\/p>\n\n\n\n<p>Licencja SWL to dokument wydawany przez Polski Zwi\u0105zek Kr\u00f3tkofalowc\u00f3w. Pozwala ona<br>jej posiadaczowi na korzystanie z Biura QSL PZK na takich samych zasadach jak osoby posiadaj\u0105ce pozwolenie radiowe wydane przez UKE.<br>Jest tak\u017ce bardzo cz\u0119sto pomocna w kontaktach z wszelkiego rodzaju administracj\u0105, zw\u0142aszcza przy pr\u00f3bie wieszania anten.<\/p>\n\n\n\n<p><strong>Kto mo\u017ce ubiega\u0107 si\u0119 o otrzymanie licencji SWL<\/strong><\/p>\n\n\n\n<p>Licencja SWL dost\u0119pna jest dla wszystkich, kt\u00f3rzy wyra\u017c\u0105 ch\u0119\u0107 jej posiadania. Tylko osoby kt\u00f3re nie uko\u0144czy\u0142y 16 lat musz\u0105 mie\u0107 dodatkowo pozwolenie rodzic\u00f3w \/opiekuna ustawowego\/<\/p>\n\n\n\n<p><strong>Procedura uzyskania Licencji SWL<\/strong><\/p>\n\n\n\n<p>a. nale\u017cy wype\u0142ni\u0107 Deklaracj\u0119 PZK i dostarczy\u0107 j\u0105 do wybranego Oddzia\u0142u, np. Oddzia\u0142u w Gliwicach<\/p>\n\n\n\n<p>b. jednocze\u015bnie nale\u017cy wp\u0142aci\u0107 na konto bankowe wybranego Oddzia\u0142u sk\u0142adk\u0119 PZK w wysoko\u015bci jak dla cz\u0142onka nadzwyczajnego (SWL).<br>Dla os\u00f3b, kt\u00f3re nie uko\u0144czy\u0142y 20 lat lub ucz\u0105cych si\u0119 do 26 lat w\u0142\u0105cznie sk\u0142adka wynosi w Oddziale Gliwickim 30.00 z\u0142. (osoby te s\u0105 zwolnione ze sk\u0142adki oddzia\u0142owej). Pozosta\u0142e osoby wp\u0142acaj\u0105 sk\u0142adk\u0119 w wysoko\u015bci 50.00 z\u0142 (30z\u0142 sk\u0142adki centralnej PZK +20z\u0142 sk\u0142adki oddzia\u0142owej)<\/p>\n\n\n\n<p>c. pieni\u0105dze wp\u0142acamy na konto<\/p>\n\n\n\n<p>22 1140 1010 0000 3533 4800 1024&nbsp;<br>Odbiorca:<br>PZK Gliwicki Oddzia\u0142 Terenowy OT-50<br>Ul. Kochanowskiego<br>44-100 Gliwice<\/p>\n\n\n\n<p>z dopiskiem \u201esk\u0142adka PZK\u201d.<br>Je\u015bli procedur\u0119 wykonujemy po 1 lipca, to oczywi\u015bcie sk\u0142adka maleje o po\u0142ow\u0119 kwoty.<\/p>\n\n\n\n<p><strong>Uwagi praktyczne<\/strong><\/p>\n\n\n\n<p>Namawiamy do jednoczesnego kontaktu telefonicznie lub mailem z Andrzejem SP9ENO, co pozwoli na skr\u00f3cenie trwania procedury do minimum, a tak\u017ce pozwoli na uzgodnienie sposobu, wzgl\u0119dnie czasu i miejsca odbioru licencji SWL.<br>Procedura wydawania Licencji jest realizowana bez zb\u0119dnej zw\u0142oki i rutynowo nie powinna przekroczy\u0107 7 dni.<\/p>\n\n\n\n<div id=\"wp-block-themeisle-blocks-image-c8d130f4\" class=\"wp-block-image is-style-default\"><figure class=\"aligncenter size-large\"><img loading=\"lazy\" decoding=\"async\" width=\"750\" height=\"1024\" src=\"https:\/\/pzk.ovh\/wp-content\/uploads\/2022\/02\/IMG_0001-750x1024.jpg\" alt=\"\" class=\"wp-image-2532\" srcset=\"https:\/\/pzk.ovh\/wp-content\/uploads\/2022\/02\/IMG_0001-750x1024.jpg 750w, https:\/\/pzk.ovh\/wp-content\/uploads\/2022\/02\/IMG_0001-220x300.jpg 220w, https:\/\/pzk.ovh\/wp-content\/uploads\/2022\/02\/IMG_0001-768x1049.jpg 768w, https:\/\/pzk.ovh\/wp-content\/uploads\/2022\/02\/IMG_0001-1124x1536.jpg 1124w, https:\/\/pzk.ovh\/wp-content\/uploads\/2022\/02\/IMG_0001-1499x2048.jpg 1499w, https:\/\/pzk.ovh\/wp-content\/uploads\/2022\/02\/IMG_0001.jpg 1748w\" sizes=\"auto, (max-width: 750px) 100vw, 750px\" \/><\/figure><\/div>\n\n\n\n<p><\/p>\n<\/div>\n<\/div>\n<\/div><\/div>\n","protected":false},"excerpt":{"rendered":"","protected":false},"author":2,"featured_media":0,"parent":0,"menu_order":0,"comment_status":"closed","ping_status":"closed","template":"","meta":{"_uag_custom_page_level_css":"","_themeisle_gutenberg_block_has_review":false,"footnotes":""},"class_list":["post-2376","page","type-page","status-publish","hentry"],"uagb_featured_image_src":{"full":false,"thumbnail":false,"medium":false,"medium_large":false,"large":false,"1536x1536":false,"2048x2048":false},"uagb_author_info":{"display_name":"MAc B.","author_link":"https:\/\/pzk.ovh\/?author=2"},"uagb_comment_info":0,"uagb_excerpt":null,"jetpack_sharing_enabled":true,"_links":{"self":[{"href":"https:\/\/pzk.ovh\/index.php?rest_route=\/wp\/v2\/pages\/2376","targetHints":{"allow":["GET"]}}],"collection":[{"href":"https:\/\/pzk.ovh\/index.php?rest_route=\/wp\/v2\/pages"}],"about":[{"href":"https:\/\/pzk.ovh\/index.php?rest_route=\/wp\/v2\/types\/page"}],"author":[{"embeddable":true,"href":"https:\/\/pzk.ovh\/index.php?rest_route=\/wp\/v2\/users\/2"}],"replies":[{"embeddable":true,"href":"https:\/\/pzk.ovh\/index.php?rest_route=%2Fwp%2Fv2%2Fcomments&post=2376"}],"version-history":[{"count":10,"href":"https:\/\/pzk.ovh\/index.php?rest_route=\/wp\/v2\/pages\/2376\/revisions"}],"predecessor-version":[{"id":2536,"href":"https:\/\/pzk.ovh\/index.php?rest_route=\/wp\/v2\/pages\/2376\/revisions\/2536"}],"wp:attachment":[{"href":"https:\/\/pzk.ovh\/index.php?rest_route=%2Fwp%2Fv2%2Fmedia&parent=2376"}],"curies":[{"name":"wp","href":"https:\/\/api.w.org\/{rel}","templated":true}]}}